*2 - 51*i + 520. Calculate w(36).
-20
Let u(c) = 11*c + 205. Give u(-20).
-15
Let h(u) = 362*u + 46740. Determine h(-129).
42
Let t(r) = 255*r + 440. Calculate t(0).
440
Let q(n) = -n**3 - 3*n**2 + 57*n + 55. Give q(7).
-36
Let v(l) = 84*l - 355. What is v(4)?
-19
Let n(q) = -70*q**3 + 25*q**2 - 17*q - 8. What is n(1)?
-70
Let o(s) = 50*s + 1460. Give o(-29).
10
Let o(m) = -6*m**3 - 7*m**2 + 55*m + 119. Determine o(-2).
29
Let q(v) = -686*v + 4112. What is q(6)?
-4
Let m(i) = 3*i**2 - 144*i + 253. What is m(46)?
-23
Let w(b) = b**3 - 13*b**2 - 4*b + 54. Give w(13).
2
Let z(l) = -20*l + 81. What is z(5)?
-19
Let k(s) = 2*s**3 + 3*s**2 - 10*s + 4. Determine k(3).
55
Let d(i) = 32*i - 83. Calculate d(-5).
-243
Let p(j) = -759*j + 2276. What is p(3)?
-1
Let g(w) = -w**3 - 7*w**2 + 358*w + 3066. What is g(-9)?
6
Let l(s) = -s**3 + 11*s**2 + 54*s - 419. Calculate l(12).
85
Let w(d) = -1405*d - 16873. What is w(-12)?
-13
Let s(y) = -37*y - 562. Determine s(-16).
30
Let g(r) = r**2 + 38*r - 50. Determine g(-33).
-215
Let f(z) = z**2 + 165*z - 1224. Determine f(7).
-20
Let s(w) = w**3 - 13*w**2 - 7*w + 10. Give s(12).
-218
Let d(n) = 2402*n - 9573. What is d(4)?
35
Let y(k) = -1471*k - 14682. Give y(-10).
28
Let s(a) = a**3 - 18*a**2 + 88*a - 67. Determine s(9).
-4
Let m(b) = -4*b**2 - 4*b + 1. What is m(-2)?
-7
Let g(p) = 4*p**2 + 3*p - 123. Give g(-6).
3
Let i(p) = -52*p**2 - 6*p - 4. Calculate i(-2).
-200
Let n(p) = -p**2 - 141*p - 3069. What is n(-27)?
9
Let y(u) = -74*u - 343. What is y(-7)?
175
Let w(p) = p**2 - 13*p - 789. Determine w(-26).
225
Let f(u) = u**2 - 59*u - 454. Determine f(-10).
236
Let c(x) = -17*x**2 + 3943*x + 216. Give c(232).
-16
Let z(t) = -t**2 + 42*t - 215. What is z(34)?
57
Let b(m) = 2*m**3 + 14*m**2 + 6*m - 17. Give b(-6).
19
Let g(j) = -8*j**2 - 21*j + 21. Give g(3).
-114
Let b(m) = -14*m**2 - 92*m - 467. Determine b(-5).
-357
Let v(r) = 2*r**3 - 9*r**2 + 3*r + 32. What is v(2)?
18
Let v(a) = -29*a - 819. What is v(-31)?
80
Let m(v) = 4*v**2 - 4*v - 3. Give m(8).
221
Let u(s) = -5*s**2 + 160*s - 285. Determine u(29).
150
Let h(r) = -r**2 - 3. Give h(2).
-7
Let p(l) = -999*l - 5985. Give p(-6).
9
Let q(v) = 183*v - 938. What is q(5)?
-23
Let w(j) = j**2 + 244*j - 10385. Give w(37).
12
Let q(c) = 225*c - 42297. Calculate q(188).
3
Let o(q) = 6*q**3 - 2*q**2 + 7*q - 24. Determine o(3).
141
Let n(b) = -234*b + 955. Determine n(4).
19
Let q(m) = -262*m + 5282. Calculate q(20).
42
Let z(n) = 3*n**3 - 17*n**2 + 24*n - 1. Calculate z(2).
3
Let u(t) = t - 80. Calculate u(14).
-66
Let m(w) = 31*w**2 + 5082*w - 322. What is m(-164)?
6
Let h(f) = 36*f - 2335. What is h(65)?
5
Let i(k) = k**3 - 12*k**2 + 4*k - 102. Determine i(13).
119
Let t(d) = -d**2 + 25*d - 155. Determine t(19).
-41
Let x(t) = 68*t - 4372. Calculate x(63).
-88
Let x(g) = 5*g**2 + 124*g + 1353. Determine x(-12).
585
Let h(b) = 25*b + 226. What is h(-10)?
-24
Let b(l) = -50*l + 383. Determine b(6).
83
Let x(n) = -12*n**3 + 43*n**2 - 4*n + 79. Determine x(4).
-17
Let x(a) = -8*a**3 + 19*a**2 + 118*a - 353. Calculate x(3).
-44
Let x(k) = k**3 - 11*k**2 - 25*k - 234. Calculate x(14).
4
Let g(p) = -207*p - 474. Calculate g(-3).
147
Let q(t) = 1820*t + 10931. What is q(-6)?
11
Let o(m) = 2*m**3 - 241*m**2 - 117*m - 481. Give o(121).
3
Let d(t) = t**2 + 8*t + 73. What is d(-17)?
226
Let u(g) = -4*g**3 - 27*g**2 + 16*g + 29. Calculate u(-7).
-34
Let d(w) = -4493*w + 31467. What is d(7)?
16
Let k(p) = -p**3 + 75*p**2 + 49*p + 2179. What is k(76)?
127
Let c(k) = -k**2 - k + 68. What is c(0)?
68
Let z(j) = j**3 + 15*j**2 - 73*j - 1275. Give z(-14).
-57
Let m(z) = -6738*z + 451448. Calculate m(67).
2
Let m(q) = -q**2 - 17*q - 120. Determine m(0).
-120
Let u(r) = -15*r - 97. What is u(-6)?
-7
Let j(n) = 1202*n - 2309. Calculate j(2).
95
Let z(d) = 28*d - 239. What is z(11)?
69
Let o(g) = -3*g**2 + 93*g - 741. Give o(16).
-21
Let l(v) = 589*v + 60670. Calculate l(-103).
3
Let q(g) = -4*g**3 - 14*g**2 + 80*g + 296. Calculate q(-4).
8
Let i(d) = d**3 - 7*d**2 - 9*d - 20. Determine i(7).
-83
Let y(h) = -h**3 + 17*h**2 + 177*h - 1. Give y(-9).
512
Let c(q) = -5*q**3 + 15*q**2 - 9*q - 52. Determine c(5).
-347
Let h(l) = -l**2 - 19*l + 207. What is h(-28)?
-45
Let v(t) = -2*t**2 + 122*t - 572. What is v(56)?
-12
Let k(d) = -4*d**2 + 171*d - 1575. Calculate k(29).
20
Let m(s) = -2*s**3 - 41*s**2 - 35*s - 34. Give m(-20).
266
Let d(q) = 125*q + 1996. Calculate d(-16).
-4
Let b(h) = -957*h - 46887. Give b(-49).
6
Let t(h) = 6*h**3 - 15*h**2 - 3*h + 8. Give t(0).
8
Let l(a) = -8*a**2 + 196*a + 96. What is l(25)?
-4
Let b(u) = 122*u + 7956. Give b(-65).
26
Let c(u) = -u**3 - 185*u**2 - 5588*u - 78. Give c(-38).
-2
Let q(b) = -229*b - 7. Calculate q(-2).
451
Let m(q) = 2*q + 97. Give m(13).
123
Let r(b) = -2*b**3 - 11*b**2 - 17*b + 6. Determine r(-6).
144
Let n(q) = -14*q - 795. Determine n(-44).
-179
Let j(w) = -3*w**3 + 5*w**2 + 8*w - 2. What is j(4)?
-82
Let h(p) = 21*p**3 + 2*p**2 + 3*p. What is h(-1)?
-22
Let r(n) = -12*n**3 + 6*n - 6. Give r(1).
-12
Let a(c) = -c**3 - 8*c**2 + 6*c - 149. Give a(-10).
-9
Let f(a) = 153*a - 3432. Determine f(23).
87
Let m(c) = -c**3 + 10*c**2 + 142*c + 37. Calculate m(-8).
53
Let v(t) = -64*t + 3448. Give v(54).
-8
Let z(q) = 9*q**2 - 102*q + 760. Calculate z(7).
487
Let q(k) = -86*k**2 - 13*k - 13. Give q(-1).
-86
Let f(v) = -2*v**3 - 3*v**2 + 69*v - 13. Give f(-7).
43
Let s(q) = -q**2 + 728*q + 2206. Give s(-3).
13
Let a(c) = 146*c - 553. What is a(4)?
31
Let d(j) = 17*j**2 - j + 56. Calculate d(5).
476
Let w(h) = 45*h - 67. Calculate w(1).
-22
Let y(m) = -m**2 - 51*m - 265. What is y(-6)?
5
Let o(v) = -v**3 - v**2 - 19*v - 17. Calculate o(-1).
2
Let f(v) = -207*v + 13861. Calculate f(67).
-8
Let q(x) = 42*x**2 + 58*x + 1. What is q(-2)?
53
Let t(v) = v**2 + 114*v + 651. Determine t(-108).
3
Let h(c) = 110*c - 704. What is h(7)?
66
Let v(g) = g**2 - 114*g + 421. Calculate v(4).
-19
Let f(s) = s**3 - 28*s**2 + 28*s - 55. Determine f(27).
-28
Let s(l) = l**3 + 24*l**2 + 9*l - 95. Determine s(-24).
-311
Let z(q) = 629*q - 19535. Determine z(31).
-36
Let n(m) = -16*m - 7. What is n(2)?
-39
Let x(o) = 5*o - 150. What is x(7)?
-115
Let n(p) = 2050*p - 2008. What is n(1)?
42
Let f(w) = -w**3 + 174*w**2 - 200*w + 4670. Calculate f(173).
-1
Let m(z) = -z**2 - 5*z - 16. Give m(4).
-52
Let v(g) = -256*g + 1442. Calculate v(8).
-606
Let c(j) = -163*j**3 - 7*j**2 + 9*j - 2. Determine c(1).
-163
Let k(p) = -4111*p - 41115. Determine k(-10).
-5
Let q(x) = 12*x + 42. Give q(8).
138
Let v(x) = -192*x - 9063. Determine v(-47).
-39
Let t(j) = 58*j**2 - 3*j - 2. Give t(-2).
236
Let f(b) = b**3 + 7*b**2 - 9*b - 56. Determine f(-4).
28
Let b(u) = 17*u**3 + 2*u**2 + 2*u + 10. Determine b(-2).
-122
Let j(m) = -m**2 + 31*m + 1011. Determine j(-20).
-9
Let i(n) = n**3 - 21*n**2 - 95*n + 1578. Give i(22).
-28
Let o(y) = -5*y + 178. Give o(24).
58
Let h(f) = f**2 + 25*f + 43. Determine h(-17).
-93
Let s(f) = -f**2 + 114*f + 28438. What is s(235)?
3
Let z(v) = -2607*v - 35. Give z(0).
-35
Let i(p) = p**3 + 18*p**2 - 37*p - 11. Calculate i(-20).
-71
Let q(p) = p**2 - 592*p + 16. Determine q(0).
16
Let s(a) = -a**2 + 165*a - 4326. Calculate s(33).
30
Let v(u) = u**2 - 407*u - 816. What is v(-2)?
2
Let h(u) = -21*u**2 - 209*u + 20. Calculate h(-10).
10
Let w(i) = -2*i**3 - 5*i**2 + 2*i + 4. Give w(-5).
119
Let g(l) = 10*l**2 + 20*l + 28. Give g(6).
508
Let l(z) = -8*z - 2. What is l(-4)?
30
Let o(x) = 7*x**3 - 8*x**2 + 2*x - 10. Give o(2).
18
Let z(k) = -77*k - 1422. Give z(-17).
-113
Let h(z) = 6*z + 38. Determine h(0).
38
Let j(s) = s**3 - s**2 + 3*s - 2. What is j(1)?
1
Let t(l) = -20*l + 993. Calculate t(46).
73
Let b(t) = 146*t + 482. What is b(-3)?
44
Let y(l) = -l**3 - 19*l**2 + 70*l + 30. What is y(-22)?
-58
Let m(h) = -h**3 + 65*h**2 - 186*h + 34. What is m(62)?
34
Let x(l) = -19*l - 110. Calculate x(-6).
4
Let o(x) = -x**3 - 14*x**2 + 4*x - 188. Give o(-16).
260
Let w(u) = 2*u**3 - 4*u**2 + 45*u + 50. Determine w(-1).
-1
Let z(t) = 385*t + 5538. What is z(-14)?
148
Let s(o) = -159*o + 30214. Calculate s(190).
4
Let r(n) = -346*n + 7607. Calculate r(22).
-5
Let t(a) = -1262*a + 12620. Give t(10).
0
Let q(d) = -195*d + 21453. What is q(110)?
3
Let m(w) = -w**2 - 74*w +